*h**2 - 11*h - 1. Let j be q(-6). Suppose 3*t = -3*k + 2157, 5*t - 3*k - j = -6*k. What are the prime factors of t?
2, 359
Let h(a) = 854*a**2 + 7*a - 6. Suppose -2 = -2*x - t - 0*t, x - 1 = -2*t. List the prime factors of h(x).
3, 5, 19
Let u(f) = f**3 - 74*f**2 + 59*f - 637. List the prime factors of u(75).
9413
Let c = 114 - 70. Suppose -2*f = -13*f + c. Suppose -a + 3*y + 146 = -50, 0 = a - f*y - 197. What are the prime factors of a?
193
Let j = 196 + -196. List the prime factors of 2238/(-18)*(j - 3).
373
Let m = -128 - -138. Suppose m*c = 19*c - 1674. What are the prime factors of c?
2, 3, 31
Let u(z) = z**2 + 14*z + 53. Let q be u(-10). Suppose -6*h - 4172 = -q*h. What are the prime factors of h?
2, 149
Let t(g) = 2*g**2 - 2*g - 25. Let v be t(17). Suppose 2*k - 219 = v. What are the prime factors of k?
3, 41
Suppose 166254 = -16*d + 767694. List the prime factors of d.
2, 3, 5, 7, 179
Let q be ((-1334)/115)/((-2)/5). Suppose -q*p + 15*p + 3360 = 0. List the prime factors of p.
2, 3, 5
Suppose 4*m = 2*t + 28, -18 = -2*m + 2*t - 0*t. Suppose 0 = -m*y - u + 2, 0*u = 4*u - 8. Suppose -5*d + 145 + 165 = y. What are the prime factors of d?
2, 31
What are the prime factors of ((-2)/(-9))/((-4)/(-77058))?
3, 1427
Let l = 28 + -26. Suppose -l*q - 6 + 16 = 0. Suppose 257 = q*m + 72. What are the prime factors of m?
37
Let g be (-2)/6*(0 + 8 - 2). List the prime factors of (66/165)/(g/(-310)).
2, 31
Let w = -4378 + 4770. List the prime factors of w.
2, 7
Let g be -2*(-3)/2*14135/15. Let x = g + -1848. List the prime factors of x.
11, 89
Suppose -3*s + 3*w = -118206, -4 - 4 = -2*w. Suppose s = 8*f + 30*f. What are the prime factors of f?
17, 61
Let h(v) = 2*v**2 + 6*v - 3. Let q be (2*(-2)/16)/((-3)/12). Let i be 28/(-16)*-4 + q*-1. List the prime factors of h(i).
3, 5, 7
Let x(i) = 1632*i**3 + 2*i**2 - 10*i - 8. What are the prime factors of x(3)?
2, 7, 11, 13
Let f(t) = 18*t + 310. Let u be f(-17). Let p(c) = 166*c - 36. What are the prime factors of p(u)?
2, 157
Let a = -708 - -480. Let f = 56 - a. What are the prime factors of f?
2, 71
Let d = -39 + -76. Let p be (-15)/24 + 1 + (-123)/8. What are the prime factors of ((-48)/p + -4)*d?
2, 23
List the prime factors of (813 + (-3 - -5))*(-196)/(-70).
2, 7, 163
Let u(i) = -6*i**3 + 4*i**3 + 3*i**3 - 7*i + 8*i**2 - 18. Suppose -47 = 4*l - 5*t, t - 35 = -3*l + 7*l. List the prime factors of u(l).
2, 19
Let s(j) = -4*j + 3*j**2 + 9*j + 0*j**2 - j**2. Let z be s(5). Suppose -2*w + 5*m + z = -w, -5*m - 145 = -2*w. List the prime factors of w.
2, 5, 7
Let z = 61 + -28. Suppose 2*u + 0*a = a - 15, -5*u + 4*a - z = 0. Let v = 139 + u. List the prime factors of v.
2, 5, 13
Suppose -59*m + 61*m = -530. Let q = -42 - m. What are the prime factors of q?
223
Let p(v) = 3 + 2 + 8*v + 10 + 5*v**2 - 4*v**2. Let d be p(-5). Suppose h - x + 15 = 87, d = -3*h - 5*x + 208. What are the prime factors of h?
71
Let k(u) = -63 + 0*u + 164 - 79 - u. Let i be k(-14). Let y = 87 + i. What are the prime factors of y?
3, 41
Suppose 2*x + 4*j - 7737 = 7403, 2*x - 4*j = 15148. What are the prime factors of x?
2, 3, 631
Suppose 0 = -18*c + 19*c. Suppose 5*y + 5*s - 1990 = c, -s + 1970 = 5*y - 6*s. What are the prime factors of y?
2, 3, 11
Suppose -6*w + k - 256779 = -11*w, 0 = 3*w + 2*k - 154059. List the prime factors of w.
3, 17, 19, 53
Suppose 13*m = 9*m + 5*h + 24, 0 = -2*m - 5*h + 12. Suppose -m*b + 3315 = 9*b. What are the prime factors of b?
13, 17
Let s be 6/(-2) - (3 - (3 + 3)). Suppose -3*c + 15 = 0, 2*q - 4*c + s*c + 676 = 0. Let l = -150 - q. List the prime factors of l.
2, 89
Let n = 106 + -97. What are the prime factors of 1464/n - 30/18?
7, 23
Let f(k) = -k**2 - 6*k - 2. Let t be f(-9). Let i = t + 33. List the prime factors of 71 - (3 + i + -4).
2, 17
Suppose 6 = 2*k, -5*b + 2*k - 4*k = -35001. List the prime factors of b.
3, 2333
Let o(b) be the second derivative of 5*b**4/12 - b**3/3 + 10*b. Let r be o(-1). Suppose -5*c = -432 + r. What are the prime factors of c?
5, 17
Let i(t) = 3141*t + 164. List the prime factors of i(6).
2, 5, 1901
Suppose 5*c - 2*r - 77870 = 0, -9*c + 6*c - 3*r = -46722. What are the prime factors of c?
2, 13, 599
What are the prime factors of 19032 + 3/9*1*-15?
53, 359
Suppose 6*g - 3*g = 54. Let b(j) = 4*j + 35. Let s be b(g). Suppose -3*i = -160 - s. List the prime factors of i.
89
Suppose 0 = -5*q + 50019 - 8374. What are the prime factors of q?
8329
Let r(p) = -4*p**3 - p - 2. Let i = 18 + -14. Let z be 8/(1 - (i - 1)). List the prime factors of r(z).
2, 3, 43
Let m(d) be the first derivative of 47*d**3 + 5*d**2/2 - 12*d - 78. What are the prime factors of m(2)?
2, 281
Suppose 14*a = 5*a + 99. List the prime factors of ((-764)/16)/(((-55)/60)/a).
3, 191
Suppose 2*i + 3*i - 3*f = 27466, f = 4*i - 21977. List the prime factors of i.
5, 7, 157
Let t be ((-14)/2)/((-19)/19). Suppose -11586 = -t*n - 1226. List the prime factors of n.
2, 5, 37
Let n = 197 - -579. Let m = 1318 - n. List the prime factors of m.
2, 271
Let q(p) = -p + 5. Let a be q(1). Suppose 412 = 2*t + a*f, -t - 2*f + 221 = 3*f. Suppose -2*l + 8 = 0, 2*c - 3*l - l - t = 0. List the prime factors of c.
2, 53
Let r = 36514 - 17019. List the prime factors of r.
5, 7, 557
Suppose 134*h - 2658 = 5716 + 126162. What are the prime factors of h?
2, 251
Suppose -361*o = -366*o + 20. Suppose -10*p = -8*p + o*j - 54, 2*j = -2*p + 44. What are the prime factors of p?
17
Let q(c) = -c**3 + 31*c**2 - 10*c + 6. Let n(a) = a**3 + 3*a**2 - 2*a - 2. Let w be n(-2). What are the prime factors of q(w)?
2, 3, 47
Suppose 5*y + 14 = 34, 0 = m + 2*y - 636. Suppose -m = -r - 5*i + 9*i, 3*r = 2*i + 1914. What are the prime factors of r?
2, 5
Suppose 80362 = 3*u - 5*r, 0 = -6*u + 5*u - 10*r + 26729. List the prime factors of u.
61, 439
Let v(m) = 18*m**2 + 10. Let c be 2*(-3 - (-1)/(-4)*-22). What are the prime factors of v(c)?
2, 5, 23
Let z(n) = n**2 - 4*n - 8. Let t be z(6). Suppose -4*y - y = -t*f - 2121, -2*y + 4*f + 846 = 0. List the prime factors of y.
5, 17
Let h = 13320 + -6742. What are the prime factors of h?
2, 11, 13, 23
Suppose -4*r + 1890 = 2*q - 1176, -4*r - 12 = 0. Let i = q - 1063. List the prime factors of i.
2, 7, 17
Suppose -7*b + 744 - 2844 = 0. Let t = b - -749. List the prime factors of t.
449
Suppose 0 = -19*f - 14810 + 42723 + 11322. List the prime factors of f.
5, 7, 59
Suppose -13180 = -1112*z + 1108*z. List the prime factors of z.
5, 659
Let r be 11 + (-2)/(6/15). Suppose r*q + 178 = 1396. What are the prime factors of q?
7, 29
Let j be (-24)/(-18)*(-27)/(-6). Suppose -1542 = 2*c - 7*c - 4*g, 0 = 3*g + j. List the prime factors of c.
2, 5, 31
Let z(w) = 9*w - 47. Let f(q) = -q + 1. Let x(y) = -24*f(y) - 3*z(y). Let d be x(0). Let v = -50 + d. List the prime factors of v.
67
List the prime factors of (-37*(-1)/3)/((3034/(-319800))/(-37)).
2, 5, 13, 37
Let t(s) = 15*s + 18. Let r be (-76)/12 + (-3)/(-9). Let m be t(r). Let o = m - -148. What are the prime factors of o?
2, 19
Let d(f) = 2*f**2 - 98*f + 176. List the prime factors of d(-41).
2, 1889
What are the prime factors of 89862/54 + (-30)/27?
1663
Let m(y) = 85*y + 412. Let h be m(-12). Let v = h - -1769. What are the prime factors of v?
3, 43
Let x(j) be the first derivative of -j**4/4 + 8*j**3/3 + 3*j**2/2 + 21*j + 23. Let f be x(5). Let r = f - -51. What are the prime factors of r?
2, 3
Suppose 2*u = 3*u - 4, -2*z - 4*u = -26. Suppose -8 = -4*f, g - 70 = -g - z*f. What are the prime factors of g?
2, 3, 5
Suppose -17*o + 28 = -6. Suppose i - 1401 = o*m - 243, 0 = -4*m + 20. List the prime factors of i.
2, 73
Suppose -22*v + 76 = -3*v. Suppose -66 = -v*m + 278. What are the prime factors of m?
2, 43
Suppose -3*x = 5*a - 9*a - 37641, -2*x + 25117 = 5*a. List the prime factors of x.
7, 11, 163
Suppose 0 = 7*n - 43646 + 9948. Suppose -n = -5*y - 954. What are the prime factors of y?
2, 193
Let u(n) = -16*n - 113. Let d be u(-14). Suppose j - 380 = -d. List the prime factors of j.
269
Let y = -113 - -273. Suppose -4*c = -4*t - y, -t = -3*c + 4*c + 36. Let f = t - -71. What are the prime factors of f?
3, 11
Let t(k) = -4*k**2 - 4*k + 117*k**2 - 13 - 31*k**2 + 100*k**2 + 48*k**2. What are the prime factors of t(-2)?
3, 5, 61
Let k be (-2)/(8/(-6))*4/(-2). Let p be (k 